{"id":722,"date":"2022-06-09T18:30:30","date_gmt":"2022-06-09T18:30:30","guid":{"rendered":"http:\/\/laboratoriopg.com.uy\/?page_id=722"},"modified":"2022-07-05T00:13:10","modified_gmt":"2022-07-05T00:13:10","slug":"consultoria","status":"publish","type":"page","link":"http:\/\/laboratoriopg.com.uy\/index.php\/consultoria\/","title":{"rendered":"Consultor\u00eda"},"content":{"rendered":"\t\t<div data-elementor-type=\"wp-page\" data-elementor-id=\"722\" class=\"elementor elementor-722\">\n\t\t\t\t\t\t\t\t\t<section class=\"elementor-section elementor-top-section elementor-element elementor-element-fd218a5 elementor-section-boxed elementor-section-height-default elementor-section-height-default\" data-id=\"fd218a5\" data-element_type=\"section\" data-settings=\"{&quot;_ha_eqh_enable&quot;:false}\">\n\t\t\t\t\t\t<div class=\"elementor-container elementor-column-gap-default\">\n\t\t\t\t\t<div class=\"elementor-column elementor-col-100 elementor-top-column elementor-element elementor-element-1364fde\" data-id=\"1364fde\" data-element_type=\"column\">\n\t\t\t<div class=\"elementor-widget-wrap elementor-element-populated\">\n\t\t\t\t\t\t\t\t<div class=\"elementor-element elementor-element-61d7c2d elementor-widget elementor-widget-text-editor\" data-id=\"61d7c2d\" data-element_type=\"widget\" data-widget_type=\"text-editor.default\">\n\t\t\t\t<div class=\"elementor-widget-container\">\n\t\t\t<style>\/*! elementor - v3.6.6 - 15-06-2022 *\/\n.elementor-widget-text-editor.elementor-drop-cap-view-stacked .elementor-drop-cap{background-color:#818a91;color:#fff}.elementor-widget-text-editor.elementor-drop-cap-view-framed .elementor-drop-cap{color:#818a91;border:3px solid;background-color:transparent}.elementor-widget-text-editor:not(.elementor-drop-cap-view-default) .elementor-drop-cap{margin-top:8px}.elementor-widget-text-editor:not(.elementor-drop-cap-view-default) .elementor-drop-cap-letter{width:1em;height:1em}.elementor-widget-text-editor .elementor-drop-cap{float:left;text-align:center;line-height:1;font-size:50px}.elementor-widget-text-editor .elementor-drop-cap-letter{display:inline-block}<\/style>\t\t\t\t<p>El equipo de profesionales L&amp;C Pi\u00f1eiro &#8211; Gonz\u00e1lez lo ayudar\u00e1 en el dise\u00f1o y la implementaci\u00f3n de Sistemas de Gesti\u00f3n a la medida de su empresa.<\/p><p>Realizamos consultor\u00edas que abarcan los siguientes aspectos:<\/p><ul><li>Diagn\u00f3stico, implementaci\u00f3n, mantenimiento y mejora de Sistemas de Gesti\u00f3n basados en las siguientes normas:<\/li><li>Calidad (ISO 9001)<\/li><li>Ambiental (ISO 14001)<\/li><li>Seguridad y Salud en el trabajo (ISO 45001)<\/li><\/ul><p><strong>Tambi\u00e9n contamos con los siguientes servicios: <\/strong><\/p><p><strong>\u00a0<\/strong>Asesoramiento para Acreditaci\u00f3n de ensayos y calibraciones seg\u00fan la Norma ISO\/IEC 17025<\/p><ul><li>Optimizaci\u00f3n de procesos<\/li><li>Elaboraci\u00f3n de documentaci\u00f3n asociada a Sistemas de Gesti\u00f3n: manuales de la calidad, procedimientos e instrucciones de trabajo<\/li><li>Evaluaci\u00f3n y calificaci\u00f3n de proveedores<\/li><li>Formaci\u00f3n e inducci\u00f3n del personal<\/li><\/ul><p>\u00a0<\/p><p><strong>Realizamos auditor\u00edas internas de sistemas de gesti\u00f3n, de acuerdo con los requisitos establecidos en diferentes normas:<\/strong><\/p><p><strong>\u00a0<\/strong><\/p><ul><li>ISO 9001 (Calidad)<\/li><li>ISO 14001 (Ambiental)<\/li><li>ISO 45001 (Seguridad y Salud en el trabajo)<\/li><\/ul>\t\t\t\t\t\t<\/div>\n\t\t\t\t<\/div>\n\t\t\t\t\t<\/div>\n\t\t<\/div>\n\t\t\t\t\t\t\t<\/div>\n\t\t<\/section>\n\t\t\t\t\t\t\t<\/div>\n\t\t","protected":false},"excerpt":{"rendered":"<p>El equipo de profesionales L&amp;C Pi\u00f1eiro &#8211; Gonz\u00e1lez lo ayudar\u00e1 en el dise\u00f1o y la implementaci\u00f3n de Sistemas de Gesti\u00f3n a la medida de su empresa. Realizamos consultor\u00edas que abarcan los siguientes aspectos: Diagn\u00f3stico, implementaci\u00f3n, mantenimiento y mejora de Sistemas de Gesti\u00f3n basados en las siguientes normas: Calidad (ISO 9001) Ambiental (ISO 14001) Seguridad y<a class=\"more-link\" href=\"http:\/\/laboratoriopg.com.uy\/index.php\/consultoria\/\">Ver m\u00e1s  &#10230;<\/a><\/p>\n","protected":false},"author":1,"featured_media":0,"parent":0,"menu_order":0,"comment_status":"closed","ping_status":"closed","template":"","meta":[],"_links":{"self":[{"href":"http:\/\/laboratoriopg.com.uy\/index.php\/wp-json\/wp\/v2\/pages\/722"}],"collection":[{"href":"http:\/\/laboratoriopg.com.uy\/index.php\/wp-json\/wp\/v2\/pages"}],"about":[{"href":"http:\/\/laboratoriopg.com.uy\/index.php\/wp-json\/wp\/v2\/types\/page"}],"author":[{"embeddable":true,"href":"http:\/\/laboratoriopg.com.uy\/index.php\/wp-json\/wp\/v2\/users\/1"}],"replies":[{"embeddable":true,"href":"http:\/\/laboratoriopg.com.uy\/index.php\/wp-json\/wp\/v2\/comments?post=722"}],"version-history":[{"count":8,"href":"http:\/\/laboratoriopg.com.uy\/index.php\/wp-json\/wp\/v2\/pages\/722\/revisions"}],"predecessor-version":[{"id":815,"href":"http:\/\/laboratoriopg.com.uy\/index.php\/wp-json\/wp\/v2\/pages\/722\/revisions\/815"}],"wp:attachment":[{"href":"http:\/\/laboratoriopg.com.uy\/index.php\/wp-json\/wp\/v2\/media?parent=722"}],"curies":[{"name":"wp","href":"https:\/\/api.w.org\/{rel}","templated":true}]}}